{"id":24834,"date":"2016-11-28T15:04:33","date_gmt":"2016-11-28T13:04:33","guid":{"rendered":"https:\/\/www.borsaturismoarcheologico.it\/2016-exhibitors-2\/"},"modified":"2016-11-28T15:04:33","modified_gmt":"2016-11-28T14:04:33","slug":"2016-exhibitors-2","status":"publish","type":"page","link":"https:\/\/www.borsaturismoarcheologico.it\/en\/2016-exhibitors-2\/","title":{"rendered":"2016 Exhibitors"},"content":{"rendered":"<h4 style=\"text-align: right;\"><a href=\"https:\/\/www.borsaturismoarcheologico.it\/wp-content\/uploads\/2016\/11\/ETD_2016_Speakers.pdf\">L&#8217;elenco dei relatori dell&#8217;European Tourism Day<\/a><\/h4>\n<div id=\"attachment_8122\" style=\"width: 282px\" class=\"wp-caption alignright\"><a href=\"https:\/\/www.borsaturismoarcheologico.it\/wp-content\/uploads\/2016\/11\/Ugo-Picarelli-con-Karmenu-Vella.jpg\" rel=\"attachment wp-att-8122\"><img decoding=\"async\" aria-describedby=\"caption-attachment-8122\" class=\"wp-image-8122 size-medium\" src=\"https:\/\/www.borsaturismoarcheologico.it\/wp-content\/uploads\/2016\/11\/Ugo-Picarelli-con-Karmenu-Vella-272x300.jpg\" alt=\"Il Direttore Picarelli con il Commissario Europeo Ambiente, affari marittimi e pesca Karmenu Vella\" width=\"272\" height=\"300\" title=\"\" srcset=\"https:\/\/www.borsaturismoarcheologico.it\/wp-content\/uploads\/2016\/11\/Ugo-Picarelli-con-Karmenu-Vella-150x165.jpg 150w, https:\/\/www.borsaturismoarcheologico.it\/wp-content\/uploads\/2016\/11\/Ugo-Picarelli-con-Karmenu-Vella-272x300.jpg 272w, https:\/\/www.borsaturismoarcheologico.it\/wp-content\/uploads\/2016\/11\/Ugo-Picarelli-con-Karmenu-Vella-300x330.jpg 300w, https:\/\/www.borsaturismoarcheologico.it\/wp-content\/uploads\/2016\/11\/Ugo-Picarelli-con-Karmenu-Vella-768x846.jpg 768w, https:\/\/www.borsaturismoarcheologico.it\/wp-content\/uploads\/2016\/11\/Ugo-Picarelli-con-Karmenu-Vella-930x1024.jpg 930w, https:\/\/www.borsaturismoarcheologico.it\/wp-content\/uploads\/2016\/11\/Ugo-Picarelli-con-Karmenu-Vella.jpg 1758w\" sizes=\"(max-width: 272px) 100vw, 272px\" \/><\/a><p id=\"caption-attachment-8122\" class=\"wp-caption-text\">Commissario Europeo Ambiente, affari marittimi e pesca Karmenu Vella<\/p><\/div>\n<p style=\"text-align: justify;\"><strong>La Borsa Mediterranea del Turismo Archeologico \u00e8 stata protagonista alla Giornata Europea del Turismo 2016 che si \u00e8 svolta\u00a0a Bruxelles il 29 novembre. L\u2019evento, organizzato annualmente dalla Commissione Europea,<\/strong> si \u00e8 articolato con una Conferenza dal titolo <strong>\u201cMigliorare le sinergie tra il turismo e le industrie culturali e creative. Soluzioni innovative come fattori chiave per la crescita e l\u2019occupazione\u201d<\/strong>: l\u2019appuntamento \u00e8 stato\u00a0l\u2019occasione per lo scambio di buone pratiche su come sfruttare al meglio le sinergie tra il turismo, il patrimonio culturale e la creativit\u00e0 per la crescita sostenibile e la competitivit\u00e0 del settore turistico europeo.<\/p>\n<p style=\"text-align: justify;\">La Conferenza &#8211; alla quale sono intervenuti i Commissari Europei <strong>El\u017cbieta Bie\u0144kowska<\/strong> (Mercato interno, industria, imprenditoria e PMI), <strong>Tibor Navracsics<\/strong> (Istruzione, cultura, giovani e sport) e <strong>Karmenu Vella<\/strong> (Ambiente, affari marittimi e pesca) &#8211; ha riunito\u00a0fino a 400 partecipanti tra autorit\u00e0 pubbliche dell\u2019UE, nazionali e regionali, oltre ai rappresentanti delle organizzazioni di categoria europee del settore, dell\u2019industria del turismo e dei viaggi.<\/p>\n<div id=\"attachment_8127\" style=\"width: 310px\" class=\"wp-caption alignleft\"><a href=\"https:\/\/www.borsaturismoarcheologico.it\/wp-content\/uploads\/2016\/11\/Il-direttore-Picarelli-con-Tibor-Navracics.jpg\" rel=\"attachment wp-att-8127\"><img decoding=\"async\" aria-describedby=\"caption-attachment-8127\" class=\"wp-image-8127 size-medium\" src=\"https:\/\/www.borsaturismoarcheologico.it\/wp-content\/uploads\/2016\/11\/Il-direttore-Picarelli-con-Tibor-Navracics-300x267.jpg\" alt=\"Il direttore Picarelli con il Commissario Europeo Tibor Navracsics\" width=\"300\" height=\"267\" title=\"\" srcset=\"https:\/\/www.borsaturismoarcheologico.it\/wp-content\/uploads\/2016\/11\/Il-direttore-Picarelli-con-Tibor-Navracics-150x134.jpg 150w, https:\/\/www.borsaturismoarcheologico.it\/wp-content\/uploads\/2016\/11\/Il-direttore-Picarelli-con-Tibor-Navracics-300x267.jpg 300w, https:\/\/www.borsaturismoarcheologico.it\/wp-content\/uploads\/2016\/11\/Il-direttore-Picarelli-con-Tibor-Navracics-768x685.jpg 768w, https:\/\/www.borsaturismoarcheologico.it\/wp-content\/uploads\/2016\/11\/Il-direttore-Picarelli-con-Tibor-Navracics-1024x913.jpg 1024w\" sizes=\"(max-width: 300px) 100vw, 300px\" \/><\/a><p id=\"caption-attachment-8127\" class=\"wp-caption-text\">Commissario Europeo Istruzione, cultura, giovani e sport <br \/>Tibor Navracsics<\/p><\/div>\n<p style=\"text-align: justify;\">Nella sessione moderata da <strong>Walter Zampieri<\/strong> Capo Unit\u00e0 Diversit\u00e0 Culturale e Innovazione della DG Istruzione e Cultura della Commissione Europea \u00e8 intervenuto\u00a0<strong>Ugo Picarelli<\/strong> Direttore della Borsa unitamente a <strong>Cl\u00e1udia Monteiro de Aguiar<\/strong> Membro del Parlamento Europeo, <strong>Armgard Maria Wippler<\/strong> Vice Direttore Generale per le Politiche delle PMI del Ministero degli Affari Economici e dell\u2019Energia &#8211; Germania, <strong>Peter Debrine<\/strong> Senior Project Officer della Divisione per il Patrimonio Mondiale dell\u2019Unesco, <strong>Fran\u00e7ois Banon<\/strong> Vice Presidente Affari Pubblici e Comunicazione per l\u2019Europa di Disneyland France.<\/p>\n<p style=\"text-align: justify;\"><strong>Grande motivo di soddisfazione per la Borsa, che si avvia a celebrare la ventesima edizione nel 2017, consapevole del riconoscimento unanime, non solo da parte della comunit\u00e0 scientifica internazionale, ma soprattutto del sostegno annuale da parte delle organizzazioni governative quali Unesco e Unwto.<\/strong><\/p>\n<p style=\"text-align: justify;\">Il prestigioso invito di Bruxelles si annovera tra quei momenti che hanno fatto la storia della Borsa in questi lunghi 20 anni, tra i quali l\u2019intervento alla Conferenza dell\u2019Organizzazione Mondiale del Turismo (Unwto) a Manama nel 2013 con la presenza dei Ministri del Turismo del Medio Oriente; l\u2019incontro nel 2009 a Palazzo Grimaldi a Montecarlo con il Principe Alberto di Monaco; la mostra nel 2006 dei reperti ritrovati dalle missioni archeologiche italiane in Siria organizzata e dedicata alla Borsa nel Museo di Damasco dalla first lady Asma al-Assad; nel 2005 a Paestum la seduta pubblica su \u201cturismo e cultura\u201d del Comitato Economico Sociale Europeo, organo di indirizzo del Parlamento Europeo.<\/p>\n<p style=\"text-align: justify;\"><a href=\"https:\/\/www.borsaturismoarcheologico.it\/wp-content\/uploads\/2016\/11\/Picarelli-allEuropean-Tourism-Day.jpg\" rel=\"attachment wp-att-8124\"><img decoding=\"async\" class=\"alignleft wp-image-8124 size-medium\" src=\"https:\/\/www.borsaturismoarcheologico.it\/wp-content\/uploads\/2016\/11\/Picarelli-allEuropean-Tourism-Day-300x224.jpg\" alt=\"Il Direttore Picarelli all&#039;European Tourism Day\" width=\"300\" height=\"224\" title=\"\" srcset=\"https:\/\/www.borsaturismoarcheologico.it\/wp-content\/uploads\/2016\/11\/Picarelli-allEuropean-Tourism-Day-150x112.jpg 150w, https:\/\/www.borsaturismoarcheologico.it\/wp-content\/uploads\/2016\/11\/Picarelli-allEuropean-Tourism-Day-300x224.jpg 300w, https:\/\/www.borsaturismoarcheologico.it\/wp-content\/uploads\/2016\/11\/Picarelli-allEuropean-Tourism-Day-768x574.jpg 768w, https:\/\/www.borsaturismoarcheologico.it\/wp-content\/uploads\/2016\/11\/Picarelli-allEuropean-Tourism-Day-1024x765.jpg 1024w\" sizes=\"(max-width: 300px) 100vw, 300px\" \/><\/a>In vista della XX edizione si sta gi\u00e0 lavorando per realizzare sia un programma di largo respiro, che proietti la Citt\u00e0 di Capaccio Paestum e il Parco Archeologico alla ribalta internazionale, che iniziative determinanti per lo sviluppo locale, partendo dal sistema integrato di offerta turistica culturale e valorizzazione dei siti che la Regione Campania ha messo in atto. Proprio nell\u2019edizione appena conclusa l\u2019Assessore Regionale allo Sviluppo e alla Promozione del Turismo Corrado Matera ha presentato la \u201cCarta di Paestum\u201d, in occasione della Conferenza delle Regioni, che ha visto riuniti alla Borsa in seduta congiunta gli Assessori al turismo e gli Assessori ai beni culturali.<\/p>\n<p style=\"text-align: justify;\">Inoltre, la Giornata Europea del Turismo \u00e8 stata\u00a0l\u2019occasione per il Direttore Picarelli di incontrare a Bruxelles i funzionari della DG Istruzione e Cultura della Commissione Europea impegnati alla realizzazione del programma dell\u2019<strong>\u201canno europeo del patrimonio culturale 2018\u201d<\/strong>, al fine di organizzare a Paestum un\u2019anteprima nella prossima edizione della Borsa, dal 26 al 29 ottobre 2017.<\/p>\n","protected":false},"excerpt":{"rendered":"<p>L&#8217;elenco dei relatori dell&#8217;European Tourism Day La Borsa Mediterranea del  [&#8230;]<\/p>\n","protected":false},"author":1,"featured_media":0,"parent":0,"menu_order":0,"comment_status":"closed","ping_status":"closed","template":"","meta":{"_monsterinsights_skip_tracking":false,"_monsterinsights_sitenote_active":false,"_monsterinsights_sitenote_note":"","_monsterinsights_sitenote_category":0,"footnotes":""},"class_list":["post-24834","page","type-page","status-publish","hentry"],"_links":{"self":[{"href":"https:\/\/www.borsaturismoarcheologico.it\/en\/wp-json\/wp\/v2\/pages\/24834","targetHints":{"allow":["GET"]}}],"collection":[{"href":"https:\/\/www.borsaturismoarcheologico.it\/en\/wp-json\/wp\/v2\/pages"}],"about":[{"href":"https:\/\/www.borsaturismoarcheologico.it\/en\/wp-json\/wp\/v2\/types\/page"}],"author":[{"embeddable":true,"href":"https:\/\/www.borsaturismoarcheologico.it\/en\/wp-json\/wp\/v2\/users\/1"}],"replies":[{"embeddable":true,"href":"https:\/\/www.borsaturismoarcheologico.it\/en\/wp-json\/wp\/v2\/comments?post=24834"}],"version-history":[{"count":0,"href":"https:\/\/www.borsaturismoarcheologico.it\/en\/wp-json\/wp\/v2\/pages\/24834\/revisions"}],"wp:attachment":[{"href":"https:\/\/www.borsaturismoarcheologico.it\/en\/wp-json\/wp\/v2\/media?parent=24834"}],"curies":[{"name":"wp","href":"https:\/\/api.w.org\/{rel}","templated":true}]}}

<h4 style="text-align: right;"><a href="https://www.borsaturismoarcheologico.it/wp-content/uploads/2016/11/ETD_2016_Speakers.pdf">L&#8217;elenco dei relatori dell&#8217;European Tourism Day</a></h4>
<div id="attachment_8122" style="width: 282px" class="wp-caption alignright"><a href="https://www.borsaturismoarcheologico.it/wp-content/uploads/2016/11/Ugo-Picarelli-con-Karmenu-Vella.jpg" rel="attachment wp-att-8122"><img decoding="async" aria-describedby="caption-attachment-8122" class="wp-image-8122 size-medium" src="https://www.borsaturismoarcheologico.it/wp-content/uploads/2016/11/Ugo-Picarelli-con-Karmenu-Vella-272x300.jpg" alt="Il Direttore Picarelli con il Commissario Europeo Ambiente, affari marittimi e pesca Karmenu Vella" width="272" height="300" title="" srcset="https://www.borsaturismoarcheologico.it/wp-content/uploads/2016/11/Ugo-Picarelli-con-Karmenu-Vella-150x165.jpg 150w, https://www.borsaturismoarcheologico.it/wp-content/uploads/2016/11/Ugo-Picarelli-con-Karmenu-Vella-272x300.jpg 272w, https://www.borsaturismoarcheologico.it/wp-content/uploads/2016/11/Ugo-Picarelli-con-Karmenu-Vella-300x330.jpg 300w, https://www.borsaturismoarcheologico.it/wp-content/uploads/2016/11/Ugo-Picarelli-con-Karmenu-Vella-768x846.jpg 768w, https://www.borsaturismoarcheologico.it/wp-content/uploads/2016/11/Ugo-Picarelli-con-Karmenu-Vella-930x1024.jpg 930w, https://www.borsaturismoarcheologico.it/wp-content/uploads/2016/11/Ugo-Picarelli-con-Karmenu-Vella.jpg 1758w" sizes="(max-width: 272px) 100vw, 272px" /></a><p id="caption-attachment-8122" class="wp-caption-text">Commissario Europeo Ambiente, affari marittimi e pesca Karmenu Vella</p></div>
<p style="text-align: justify;"><strong>La Borsa Mediterranea del Turismo Archeologico è stata protagonista alla Giornata Europea del Turismo 2016 che si è svolta a Bruxelles il 29 novembre. L’evento, organizzato annualmente dalla Commissione Europea,</strong> si è articolato con una Conferenza dal titolo <strong>“Migliorare le sinergie tra il turismo e le industrie culturali e creative. Soluzioni innovative come fattori chiave per la crescita e l’occupazione”</strong>: l’appuntamento è stato l’occasione per lo scambio di buone pratiche su come sfruttare al meglio le sinergie tra il turismo, il patrimonio culturale e la creatività per la crescita sostenibile e la competitività del settore turistico europeo.</p>
<p style="text-align: justify;">La Conferenza &#8211; alla quale sono intervenuti i Commissari Europei <strong>Elżbieta Bieńkowska</strong> (Mercato interno, industria, imprenditoria e PMI), <strong>Tibor Navracsics</strong> (Istruzione, cultura, giovani e sport) e <strong>Karmenu Vella</strong> (Ambiente, affari marittimi e pesca) &#8211; ha riunito fino a 400 partecipanti tra autorità pubbliche dell’UE, nazionali e regionali, oltre ai rappresentanti delle organizzazioni di categoria europee del settore, dell’industria del turismo e dei viaggi.</p>
<div id="attachment_8127" style="width: 310px" class="wp-caption alignleft"><a href="https://www.borsaturismoarcheologico.it/wp-content/uploads/2016/11/Il-direttore-Picarelli-con-Tibor-Navracics.jpg" rel="attachment wp-att-8127"><img decoding="async" aria-describedby="caption-attachment-8127" class="wp-image-8127 size-medium" src="https://www.borsaturismoarcheologico.it/wp-content/uploads/2016/11/Il-direttore-Picarelli-con-Tibor-Navracics-300x267.jpg" alt="Il direttore Picarelli con il Commissario Europeo Tibor Navracsics" width="300" height="267" title="" srcset="https://www.borsaturismoarcheologico.it/wp-content/uploads/2016/11/Il-direttore-Picarelli-con-Tibor-Navracics-150x134.jpg 150w, https://www.borsaturismoarcheologico.it/wp-content/uploads/2016/11/Il-direttore-Picarelli-con-Tibor-Navracics-300x267.jpg 300w, https://www.borsaturismoarcheologico.it/wp-content/uploads/2016/11/Il-direttore-Picarelli-con-Tibor-Navracics-768x685.jpg 768w, https://www.borsaturismoarcheologico.it/wp-content/uploads/2016/11/Il-direttore-Picarelli-con-Tibor-Navracics-1024x913.jpg 1024w" sizes="(max-width: 300px) 100vw, 300px" /></a><p id="caption-attachment-8127" class="wp-caption-text">Commissario Europeo Istruzione, cultura, giovani e sport <br />Tibor Navracsics</p></div>
<p style="text-align: justify;">Nella sessione moderata da <strong>Walter Zampieri</strong> Capo Unità Diversità Culturale e Innovazione della DG Istruzione e Cultura della Commissione Europea è intervenuto <strong>Ugo Picarelli</strong> Direttore della Borsa unitamente a <strong>Cláudia Monteiro de Aguiar</strong> Membro del Parlamento Europeo, <strong>Armgard Maria Wippler</strong> Vice Direttore Generale per le Politiche delle PMI del Ministero degli Affari Economici e dell’Energia &#8211; Germania, <strong>Peter Debrine</strong> Senior Project Officer della Divisione per il Patrimonio Mondiale dell’Unesco, <strong>François Banon</strong> Vice Presidente Affari Pubblici e Comunicazione per l’Europa di Disneyland France.</p>
<p style="text-align: justify;"><strong>Grande motivo di soddisfazione per la Borsa, che si avvia a celebrare la ventesima edizione nel 2017, consapevole del riconoscimento unanime, non solo da parte della comunità scientifica internazionale, ma soprattutto del sostegno annuale da parte delle organizzazioni governative quali Unesco e Unwto.</strong></p>
<p style="text-align: justify;">Il prestigioso invito di Bruxelles si annovera tra quei momenti che hanno fatto la storia della Borsa in questi lunghi 20 anni, tra i quali l’intervento alla Conferenza dell’Organizzazione Mondiale del Turismo (Unwto) a Manama nel 2013 con la presenza dei Ministri del Turismo del Medio Oriente; l’incontro nel 2009 a Palazzo Grimaldi a Montecarlo con il Principe Alberto di Monaco; la mostra nel 2006 dei reperti ritrovati dalle missioni archeologiche italiane in Siria organizzata e dedicata alla Borsa nel Museo di Damasco dalla first lady Asma al-Assad; nel 2005 a Paestum la seduta pubblica su “turismo e cultura” del Comitato Economico Sociale Europeo, organo di indirizzo del Parlamento Europeo.</p>
<p style="text-align: justify;"><a href="https://www.borsaturismoarcheologico.it/wp-content/uploads/2016/11/Picarelli-allEuropean-Tourism-Day.jpg" rel="attachment wp-att-8124"><img decoding="async" class="alignleft wp-image-8124 size-medium" src="https://www.borsaturismoarcheologico.it/wp-content/uploads/2016/11/Picarelli-allEuropean-Tourism-Day-300x224.jpg" alt="Il Direttore Picarelli all&#039;European Tourism Day" width="300" height="224" title="" srcset="https://www.borsaturismoarcheologico.it/wp-content/uploads/2016/11/Picarelli-allEuropean-Tourism-Day-150x112.jpg 150w, https://www.borsaturismoarcheologico.it/wp-content/uploads/2016/11/Picarelli-allEuropean-Tourism-Day-300x224.jpg 300w, https://www.borsaturismoarcheologico.it/wp-content/uploads/2016/11/Picarelli-allEuropean-Tourism-Day-768x574.jpg 768w, https://www.borsaturismoarcheologico.it/wp-content/uploads/2016/11/Picarelli-allEuropean-Tourism-Day-1024x765.jpg 1024w" sizes="(max-width: 300px) 100vw, 300px" /></a>In vista della XX edizione si sta già lavorando per realizzare sia un programma di largo respiro, che proietti la Città di Capaccio Paestum e il Parco Archeologico alla ribalta internazionale, che iniziative determinanti per lo sviluppo locale, partendo dal sistema integrato di offerta turistica culturale e valorizzazione dei siti che la Regione Campania ha messo in atto. Proprio nell’edizione appena conclusa l’Assessore Regionale allo Sviluppo e alla Promozione del Turismo Corrado Matera ha presentato la “Carta di Paestum”, in occasione della Conferenza delle Regioni, che ha visto riuniti alla Borsa in seduta congiunta gli Assessori al turismo e gli Assessori ai beni culturali.</p>
<p style="text-align: justify;">Inoltre, la Giornata Europea del Turismo è stata l’occasione per il Direttore Picarelli di incontrare a Bruxelles i funzionari della DG Istruzione e Cultura della Commissione Europea impegnati alla realizzazione del programma dell’<strong>“anno europeo del patrimonio culturale 2018”</strong>, al fine di organizzare a Paestum un’anteprima nella prossima edizione della Borsa, dal 26 al 29 ottobre 2017.</p>
